{"id":4595,"date":"2021-08-29T20:02:25","date_gmt":"2021-08-29T20:02:25","guid":{"rendered":"http:\/\/esmualtea.com\/?post_type=faq&#038;p=4595"},"modified":"2021-08-30T15:01:43","modified_gmt":"2021-08-30T15:01:43","slug":"puc-reservar-placa","status":"publish","type":"faq","link":"https:\/\/www.esmualtea.com\/va\/faq\/puc-reservar-placa\/","title":{"rendered":"Puc reservar pla\u00e7a?"},"content":{"rendered":"<p>No. La reserva de pla\u00e7a, aix\u00ed com la preinscripci\u00f3, s\u00f3n processos que no existeixen en aquesta Escola. S&#8217;haur\u00e0 de sol\u00b7licitar matr\u00edcula sense m\u00e9s, en els terminis indicats en <a href=\"http:\/\/esmualtea.com\/va\/calendario\/\">Calendari<\/a>.<br \/>\nEls alumnes les sol\u00b7licituds dels quals no puguen ser admeses per falta de pla\u00e7a, seran informats -normalment per e-mail- d&#8217;aix\u00f2 i passaran a formar part de la llista d&#8217;espera.<\/p>\n","protected":false},"author":1,"template":"","faq_groups":[80,75],"_links":{"self":[{"href":"https:\/\/www.esmualtea.com\/va\/wp-json\/wp\/v2\/faqs\/4595"}],"collection":[{"href":"https:\/\/www.esmualtea.com\/va\/wp-json\/wp\/v2\/faqs"}],"about":[{"href":"https:\/\/www.esmualtea.com\/va\/wp-json\/wp\/v2\/types\/faq"}],"author":[{"embeddable":true,"href":"https:\/\/www.esmualtea.com\/va\/wp-json\/wp\/v2\/users\/1"}],"wp:attachment":[{"href":"https:\/\/www.esmualtea.com\/va\/wp-json\/wp\/v2\/media?parent=4595"}],"wp:term":[{"taxonomy":"faq-group","embeddable":true,"href":"https:\/\/www.esmualtea.com\/va\/wp-json\/wp\/v2\/faq_groups?post=4595"}],"curies":[{"name":"wp","href":"https:\/\/api.w.org\/{rel}","templated":true}]}}

Puc reservar plaça?

<p>No. La reserva de plaça, així com la preinscripció, són processos que no existeixen en aquesta Escola. S&#8217;haurà de sol·licitar matrícula sense més, en els terminis indicats en <a href="http://esmualtea.com/va/calendario/">Calendari</a>.<br />
Els alumnes les sol·licituds dels quals no puguen ser admeses per falta de plaça, seran informats -normalment per e-mail- d&#8217;això i passaran a formar part de la llista d&#8217;espera.</p>
