{"id":4461,"date":"2021-08-29T09:25:21","date_gmt":"2021-08-29T09:25:21","guid":{"rendered":"http:\/\/esmualtea.com\/faq\/que-pagos-hay-que-hacer\/"},"modified":"2021-08-29T09:29:48","modified_gmt":"2021-08-29T09:29:48","slug":"que-pagos-hay-que-hacer","status":"publish","type":"faq","link":"https:\/\/www.esmualtea.com\/va\/faq\/que-pagos-hay-que-hacer\/","title":{"rendered":"Quins pagaments cal fer?"},"content":{"rendered":"<p>Per a cursar a l&#8217;Escola de M\u00fasica i Dansa d&#8217;Altea (EsMuAltea) cal realitzar els seg\u00fcents pagaments:<br \/>\n&#8211; pagaments ordinaris:<strong> quota mensual<\/strong> segons la\/s ensenyament\/s que cursa (sols de setembre* i juny)<br \/>\n&#8211; pagaments extraordinaris: <strong>taxa de Matr\u00edcula Anual<\/strong> (100\u20ac\/anuals)** i<strong> taxa Obertura d&#8217;Expedient<\/strong> (21,01\u20ac)***<\/p>\n<p>* La quota mensual del mes de setembre se sol prorratejar al dia que s&#8217;inicia el curs, normalment sol ser un 50% de la quota habitual<br \/>\n** Gratu\u00efta per a socis de la *Societat *Filharm\u00f2nica *Alteanense (*SFA)<br \/>\n*** Gratu\u00efta si es realitza la matr\u00edcula en l\u00ednia a trav\u00e9s de <a href=\"http:\/\/esmualtea.com\/va\/tramites\/matricula\/\">www.esmualtea.com\/matricula<\/a><\/p>\n<p>&nbsp;<\/p>\n","protected":false},"author":1,"template":"","faq_groups":[76],"_links":{"self":[{"href":"https:\/\/www.esmualtea.com\/va\/wp-json\/wp\/v2\/faqs\/4461"}],"collection":[{"href":"https:\/\/www.esmualtea.com\/va\/wp-json\/wp\/v2\/faqs"}],"about":[{"href":"https:\/\/www.esmualtea.com\/va\/wp-json\/wp\/v2\/types\/faq"}],"author":[{"embeddable":true,"href":"https:\/\/www.esmualtea.com\/va\/wp-json\/wp\/v2\/users\/1"}],"wp:attachment":[{"href":"https:\/\/www.esmualtea.com\/va\/wp-json\/wp\/v2\/media?parent=4461"}],"wp:term":[{"taxonomy":"faq-group","embeddable":true,"href":"https:\/\/www.esmualtea.com\/va\/wp-json\/wp\/v2\/faq_groups?post=4461"}],"curies":[{"name":"wp","href":"https:\/\/api.w.org\/{rel}","templated":true}]}}

<p>Per a cursar a l&#8217;Escola de Música i Dansa d&#8217;Altea (EsMuAltea) cal realitzar els següents pagaments:<br />
&#8211; pagaments ordinaris:<strong> quota mensual</strong> segons la/s ensenyament/s que cursa (sols de setembre* i juny)<br />
&#8211; pagaments extraordinaris: <strong>taxa de Matrícula Anual</strong> (100€/anuals)** i<strong> taxa Obertura d&#8217;Expedient</strong> (21,01€)***</p>
<p>* La quota mensual del mes de setembre se sol prorratejar al dia que s&#8217;inicia el curs, normalment sol ser un 50% de la quota habitual<br />
** Gratuïta per a socis de la *Societat *Filharmònica *Alteanense (*SFA)<br />
*** Gratuïta si es realitza la matrícula en línia a través de <a href="http://esmualtea.com/va/tramites/matricula/">www.esmualtea.com/matricula</a></p>
<p>&nbsp;</p>
