{"id":4458,"date":"2021-08-29T09:18:31","date_gmt":"2021-08-29T09:18:31","guid":{"rendered":"http:\/\/esmualtea.com\/faq\/que-es-la-tasa-de-matricula-anual-100e\/"},"modified":"2022-08-25T19:56:19","modified_gmt":"2022-08-25T19:56:19","slug":"que-es-la-tasa-de-matricula-anual-100e","status":"publish","type":"faq","link":"https:\/\/www.esmualtea.com\/va\/faq\/que-es-la-tasa-de-matricula-anual-100e\/","title":{"rendered":"Qu\u00e8 \u00e9s la taxa de MATR\u00cdCULA ANUAL (100\u20ac)?"},"content":{"rendered":"<p>Aquesta taxa s&#8217;ha d&#8217;abonar anualment, abans d&#8217;iniciar el curs escolar, i \u00e9s la que d\u00f3na dret de matr\u00edcula a l&#8217;alumne. Aquesta taxa \u00e9s gratu\u00efta per a Socis de la Societat Filharm\u00f2nica Alteanense (SFA).<\/p>\n<p><strong>\u00c9S REEMBOSSABLE<\/strong>\u00a0en cas que l&#8217;alumne no dispose de pla\u00e7a o b\u00e9 curse baixa abans del 28 d&#8217;octubre de cada curs escolar.<\/p>\n","protected":false},"author":1,"template":"","faq_groups":[75],"_links":{"self":[{"href":"https:\/\/www.esmualtea.com\/va\/wp-json\/wp\/v2\/faqs\/4458"}],"collection":[{"href":"https:\/\/www.esmualtea.com\/va\/wp-json\/wp\/v2\/faqs"}],"about":[{"href":"https:\/\/www.esmualtea.com\/va\/wp-json\/wp\/v2\/types\/faq"}],"author":[{"embeddable":true,"href":"https:\/\/www.esmualtea.com\/va\/wp-json\/wp\/v2\/users\/1"}],"wp:attachment":[{"href":"https:\/\/www.esmualtea.com\/va\/wp-json\/wp\/v2\/media?parent=4458"}],"wp:term":[{"taxonomy":"faq-group","embeddable":true,"href":"https:\/\/www.esmualtea.com\/va\/wp-json\/wp\/v2\/faq_groups?post=4458"}],"curies":[{"name":"wp","href":"https:\/\/api.w.org\/{rel}","templated":true}]}}

Què és la taxa de MATRÍCULA ANUAL (100€)?

<p>Aquesta taxa s&#8217;ha d&#8217;abonar anualment, abans d&#8217;iniciar el curs escolar, i és la que dóna dret de matrícula a l&#8217;alumne. Aquesta taxa és gratuïta per a Socis de la Societat Filharmònica Alteanense (SFA).</p>
<p><strong>ÉS REEMBOSSABLE</strong> en cas que l&#8217;alumne no dispose de plaça o bé curse baixa abans del 28 d&#8217;octubre de cada curs escolar.</p>
